 - x = 2*v + h. What is the remainder when 10 is divided by v?
1
Let p(b) = -b**3 + 51*b**2 + 48*b + 209. Calculate the remainder when 5 is divided by p(52).
0
Let l be ((-2)/3)/((-2)/15). Suppose 5*s = -2*n + 21, -n - 3 = 4*s - 6*s. Suppose -n*t = -l*t + 204. What is the remainder when t is divided by 26?
24
Let g = -1726 + 1767. Calculate the remainder when 304 is divided by g.
17
Let p(x) = 9*x**2 + 70*x - 4. Calculate the remainder when p(-9) is divided by 31.
2
Let b = 261 - 170. Let m = -163 + 411. Suppose p + m = 9*p. What is the remainder when b is divided by p?
29
Let p = 16 - 14. Suppose 4*c + 88 = 4*w, -p*c = w - 0*c - 19. Suppose 11*m - 120 = 8*m. What is the remainder when m is divided by w?
19
Suppose -335*g + 24 = -332*g. Suppose g*p + 15 = 9*p. Calculate the remainder when 16 is divided by p.
1
Let k = 1299 + -1271. Calculate the remainder when 277 is divided by k.
25
Let y = -8 + 13. Suppose y*r - 5 - 15 = 0. Suppose 74 = r*z - 26. What is the remainder when z is divided by 9?
7
Let v = 545 + -389. What is the remainder when v is divided by 42?
30
Suppose 2*h + 0 - 9 = -w, 3*h + 69 = 4*w. Suppose -3*i + 66 = -w. What is the remainder when 33/(-9) + 3 + 472/6 is divided by i?
24
Suppose 372 = 11*c - 717. What is the remainder when c is divided by 50?
49
Let i(o) = o**3 + 5*o**2 - 6*o - 15. Suppose 43 = r + 5*p, p = 2*r - p - 26. Calculate the remainder when i(-4) is divided by r.
7
Let r(i) = 3*i + 4. Let n be ((-2)/(-3))/((-22)/(-165)). Let d(m) = -7*m - 9. Let t(q) = n*r(q) + 3*d(q). What is the remainder when 49 is divided by t(-4)?
15
Let g(v) = -10*v + 3. Let x = 8 + -15. Let r = 1595 + -1576. What is the remainder when g(x) is divided by r?
16
Let j(g) = -g**3 - 6*g**2 + 18*g + 20. Suppose 0 = -3*n - 13 - 11. Calculate the remainder when j(n) is divided by 1.
0
Suppose -25*y - 10*y + 2135 = 0. Calculate the remainder when y is divided by 21.
19
Let g = -26 + 23. Let c(i) = 3*i**2 - 1 - 3 + 0 + 3*i. What is the remainder when 53 is divided by c(g)?
11
Let a(w) = 13*w**3 - 2*w**2 - w + 2. Let j = 46 + -1. Calculate the remainder when j is divided by a(1).
9
Suppose r = -6*r + 1204. Suppose -q + 5*q - 308 = -i, r = 2*q + 5*i. Calculate the remainder when q is divided by 13.
11
What is the remainder when 50 is divided by ((-782)/161)/(6/(-21))?
16
Let x = -1 + 5. Let s(z) = -2*z - 3. Let b(k) = k**3 + 3*k**2 + 2*k + 2. Let c be b(-3). What is the remainder when s(c) is divided by x?
1
Calculate the remainder when 214 is divided by 10 + 1 + 0 + 0.
5
Suppose -3*p + 33 + 0 = 0. What is the remainder when (p/7 + -1)*7 is divided by 2?
0
Let w(h) = -h**3 - 9*h**2 + 10*h. Let l be w(-10). Suppose l = -y + 49 - 21. What is the remainder when 102 is divided by y?
18
Suppose 5 = -a + 2*a. Suppose -a*z = -4*z. Suppose o - 15 = -z*o. Calculate the remainder when 43 is divided by o.
13
Suppose 0 = -5*p - j + 510 - 170, 0 = 2*p + 5*j - 136. Let k = 138 + -138. Suppose k = v - 15 - 9. Calculate the remainder when p is divided by v.
20
Suppose -4*u + 2*f + 0*f = 22, -2*u + 5*f = 23. Let y(q) = q**2 + 5*q + 14. What is the remainder when y(u) is divided by (16/20)/(1/5)?
2
Suppose -2*y = 2*h - 62, -21 + 159 = 4*y - 3*h. Calculate the remainder when y is divided by 3.
0
Let y(s) be the third derivative of -s**4/8 - 5*s**3/3 - s**2. Suppose -5*i + h = -3*i + 18, -h - 17 = 3*i. What is the remainder when 32 is divided by y(i)?
10
Suppose 0 = 31*b - 2800 + 475. Calculate the remainder when b is divided by 20.
15
Let x(z) = -z**2 + 29. Let j be x(0). Suppose -5*q = -134 + j. Suppose b - 4*k - 36 - 4 = 0, -2*b = 2*k - 130. Calculate the remainder when b is divided by q.
18
Suppose -3*b + 127 = -4*c - c, 0 = 2*b + c - 102. Suppose 0 = 2*u - 0*q + 3*q - b, -15 = 5*q. Calculate the remainder when u is divided by 11.
7
Let i be -1*((-6)/(-2) - 0). Suppose 5*v = -5*g + 385, -3*v - 64 - 80 = -2*g. What is the remainder when g is divided by (39/(-2))/(i/4)?
23
Let k(q) = -3*q**3 + 4*q**2 - 5*q + 3. What is the remainder when k(-3) is divided by 23?
20
Suppose 4*z - q = -5*q + 12, -4*z = 2*q - 16. Let c be z*((-111)/5)/(-1). Suppose -c + 391 = 4*o. What is the remainder when o is divided by 18?
16
Let u = 1206 - 977. What is the remainder when u is divided by 39?
34
Suppose -2*j - 2*r = -32, -j + 0 + 16 = -3*r. Let s be 108/j - 1/(-4). Suppose 5*c - s*c + 72 = 0. What is the remainder when c is divided by 10?
6
Suppose -v = 318 - 325. What is the remainder when v is divided by 4?
3
Let r = 180 - 86. Calculate the remainder when r is divided by (24/(-30))/(1/(-30)).
22
Let l = 50 + -26. Suppose -3*k = 42 - 186. Let o = k - 41. Calculate the remainder when l is divided by o.
3
Let h(a) = 7*a + 10. Let o be 1/(1 - (-6)/(-7)). Calculate the remainder when h(o) is divided by 8/(-4)*(-1 - 9).
19
Suppose 2*n = -t - 3, -t - 8 = -4*n + n. What is the remainder when 116 is divided by (-3)/t - 164/(-10)?
14
Let u(i) be the first derivative of i**4/4 + 4*i**3 - 2*i**2 - 14*i - 12. What is the remainder when u(-12) is divided by 12?
10
Let l(v) = -v**3 + 16*v**2 - 23*v + 3. What is the remainder when 217 is divided by l(14)?
71
Suppose 5*b = 2*t + 22, -3*b + 2*t = b - 18. Let p = 34 - 30. Suppose 31 = 3*l - 2*v, v - p*v - 30 = -3*l. What is the remainder when l is divided by b?
3
Suppose -4*n + 26 + 18 = 0. Suppose 3 = 4*t - 5. What is the remainder when n is divided by t?
1
Suppose 4*k - 97 = -4*m + 9*k, -2*m + 49 = -3*k. What is the remainder when 436 is divided by m?
22
Suppose v = -p + 97, 3*v + 23 = 29. What is the remainder when p is divided by 26?
17
Let b = 47 + -25. Suppose z = -b + 28. Calculate the remainder when 19 is divided by z.
1
Let y be (7 - 6/3) + -2. Let k(x) = -2*x + 11*x**2 - 1 + 21*x**2 + 17*x**2 - 44*x**2. Calculate the remainder when k(y) is divided by 10.
8
Let o(m) = -m**2 + 8*m + 44. What is the remainder when 45 is divided by o(11)?
1
Suppose 608 = 18*c - 2*c. What is the remainder when 148 is divided by c?
34
Let l(v) = 4*v**2 + 9*v - 4. Let a be l(4). Let w = a + -59. Calculate the remainder when w is divided by 8.
5
Let s(x) = -x**3 - x**2 - 5*x - 8. Let i be s(5). Let g = -104 - i. Calculate the remainder when g is divided by 20.
19
Let r = -750 + 1009. Calculate the remainder when r is divided by 99.
61
Let u = 138 + -223. Let o = -70 - u. Calculate the remainder when 58 is divided by o.
13
Let a = 23 - 30. What is the remainder when a/(-147)*321 - 2/7 is divided by 8?
7
Let k(y) = -y + 16. Suppose -30 + 8 = -2*m. Let g(i) = i + 27. Calculate the remainder when k(m) is divided by g(-24).
2
Let z(f) = f**3 - 14*f**2 + 2. Let d be z(14). Suppose -2*t + 85 = 3*u, -3*t - u = d*t - 193. Calculate the remainder when t is divided by 11.
5
Let j be (2/(-4))/(7/56). What is the remainder when 54/(-4)*(j - -2) is divided by (3/1)/((-6)/(-28))?
13
Let w be (-18)/(-9) + -2 + 0. Suppose -2 = -w*j - j, 4*f - 5*j = 2. Suppose 0*b - f*b + 141 = 0. What is the remainder when b is divided by 12?
11
Suppose -2*q = 5*x + 19, 4*q - x - 17 = -0*q. Let p(d) = 15*d - 6. Let f(b) = b**2 - 2*b + 6. Calculate the remainder when p(q) is divided by f(4).
11
Suppose 0 = -5*i + 4*r + 161, 10*r - 7*r - 168 = -5*i. Let q(a) be the first derivative of 5*a**2/2 - 3*a + 2. What is the remainder when i is divided by q(3)?
9
Let t(c) = 11*c - 3. Let u be t(-4). Let x = u - -105. Suppose 3*m = m - 3*k + 21, 4*m = 5*k + 75. Calculate the remainder when x is divided by m.
13
Let y(g) = -3*g**2 + 108*g - 45. Calculate the remainder when y(33) is divided by 118.
16
Let n(c) = -4*c - 44. Let t(f) = f + 11. Let l(b) = -2*n(b) - 9*t(b). Let v be l(-10). Let q = v + 6. What is the remainder when 18 is divided by q?
3
Let i be (-51)/6*(-2)/1. Suppose 4*n - d - 20 = 0, n + 3*d = i + 1. What is the remainder when 33 is divided by n?
3
Let u(s) = -s**2 + 37*s - 78. What is the remainder when u(28) is divided by 44?
42
Suppose 8*t + 70 = 2*v + 6*t, 3*t + 135 = 4*v. Calculate the remainder when v is divided by 16.
14
Let p(u) = 3*u**2 - u + 1. Let h = -31 + 47. Let r(l) = l**2 - 14*l - 11. Calculate the remainder when r(h) is divided by p(2).
10
Let t = 218 + -120. Calculate the remainder when t is divided by 45.
8
Let s be (-1040)/32*32/10. Let w = -96 - s. Calculate the remainder